7563524.
2, 53, 35677
List the prime factors of 19829375.
5, 31727
List the prime factors of 1277621.
1277621
What are the prime factors of 397487?
83, 4789
What are the prime factors of 937847?
937847
List the prime factors of 620569.
620569
What are the prime factors of 1459335?
3, 5, 271, 359
List the prime factors of 251302.
2, 125651
List the prime factors of 806199.
3, 268733
What are the prime factors of 117320?
2, 5, 7, 419
What are the prime factors of 1784980?
2, 5, 31, 2879
What are the prime factors of 624942?
2, 3, 71, 163
List the prime factors of 997572.
2, 3, 59, 1409
What are the prime factors of 124288?
2, 971
List the prime factors of 1736765.
5, 163, 2131
What are the prime factors of 1252347?
3, 19, 127, 173
What are the prime factors of 6585106?
2, 11, 43, 6961
What are the prime factors of 58898?
2, 7, 601
List the prime factors of 232055.
5, 46411
List the prime factors of 556503.
3, 61, 3041
List the prime factors of 3131117.
11, 113, 229
What are the prime factors of 442807?
442807
List the prime factors of 269692.
2, 191, 353
List the prime factors of 34677938.
2, 17338969
List the prime factors of 1575687.
3, 433, 1213
List the prime factors of 598233.
3, 199411
List the prime factors of 4715566.
2, 397, 5939
What are the prime factors of 266507?
31, 8597
What are the prime factors of 2211469?
13, 67, 2539
List the prime factors of 4421613.
3, 7, 4297
List the prime factors of 970228.
2, 7, 34651
List the prime factors of 335764.
2, 11, 13, 587
What are the prime factors of 3272139?
3, 13, 27967
List the prime factors of 2840026.
2, 7, 202859
List the prime factors of 34519154.
2, 619, 27883
List the prime factors of 8044.
2, 2011
What are the prime factors of 3455100?
2, 3, 5, 11, 349
List the prime factors of 10148037.
3, 23, 147073
List the prime factors of 25647076.
2, 7, 13, 70459
What are the prime factors of 16500218?
2, 7, 43, 27409
What are the prime factors of 2677385?
5, 19, 28183
List the prime factors of 23428.
2, 5857
What are the prime factors of 4478609?
71, 63079
What are the prime factors of 3349484?
2, 277, 3023
List the prime factors of 163887.
3, 54629
What are the prime factors of 1403796?
2, 3, 19, 47, 131
What are the prime factors of 170825?
5, 6833
List the prime factors of 24403703.
29, 523, 1609
What are the prime factors of 380601?
3, 13, 3253
List the prime factors of 3877526.
2, 37, 61, 859
What are the prime factors of 13735227?
3, 11, 416219
What are the prime factors of 4674376?
2, 7, 83471
List the prime factors of 5098992.
2, 3, 19, 5591
List the prime factors of 3162.
2, 3, 17, 31
List the prime factors of 500719.
500719
List the prime factors of 416559.
3, 11, 13, 971
What are the prime factors of 2166855?
3, 5, 19, 7603
What are the prime factors of 6333048?
2, 3, 87959
List the prime factors of 2803424.
2, 13, 23, 293
What are the prime factors of 3819065?
5, 757, 1009
List the prime factors of 4407024.
2, 3, 91813
What are the prime factors of 67149?
3, 829
List the prime factors of 1819560.
2, 3, 5, 59, 257
What are the prime factors of 24761084?
2, 107, 57853
What are the prime factors of 57126?
2, 3, 9521
List the prime factors of 1859244.
2, 3, 154937
List the prime factors of 231517.
11, 13, 1619
What are the prime factors of 458562?
2, 3, 13, 5879
What are the prime factors of 2562315?
3, 5, 7, 23, 1061
List the prime factors of 96105.
3, 5, 43, 149
What are the prime factors of 2449459?
317, 7727
List the prime factors of 9727496.
2, 41, 47, 631
What are the prime factors of 5616514?
2, 19, 61, 2423
List the prime factors of 6009199.
7, 858457
What are the prime factors of 3975639?
3, 29, 45697
List the prime factors of 1190073.
3, 29, 13679
List the prime factors of 3395611.
167, 20333
List the prime factors of 5172379.
5172379
List the prime factors of 1522721.
293, 5197
What are the prime factors of 3111186?
2, 3, 13, 39887
List the prime factors of 134544.
2, 3, 2803
What are the prime factors of 1176311?
397, 2963
List the prime factors of 560683.
560683
List the prime factors of 60608.
2, 947
What are the prime factors of 55739?
139, 401
What are the prime factors of 674951?
17, 39703
List the prime factors of 326501.
7, 46643
List the prime factors of 19593449.
41, 223, 2143
What are the prime factors of 32302004?
2, 7, 1153643
List the prime factors of 8237889.
3, 11, 27737
What are the prime factors of 5689402?
2, 2844701
List the prime factors of 225834.
2, 3, 7, 19, 283
What are the prime factors of 9094032?
2, 3, 2339
What are the prime factors of 427862?
2, 31, 67, 103
What are the prime factors of 3137708?
2, 7, 112061
What are the prime factors of 219949?
23, 73, 131
What are the prime factors of 597509?
11, 54319
List the prime factors of 9093198.
2, 3, 17, 59, 1511
What are the prime factors of 186670?
2, 5, 11, 1697
What are the prime factors of 5045474?
2, 7, 360391
What are the prime factors of 303918?
2, 3, 37
What are the prime factors of 27911?
13, 19, 113
List the prime factors of 1559576.
2, 383, 509
What are the prime factors of 2589930?
2, 3, 5, 7, 4111
List the prime factors of 1106321.
29, 38149
What are the prime factors of 1490501?
233, 6397
List the prime factors of 33752963.
41, 823243
List the prime factors of 24776.
2, 19, 163
What are the prime factors of 913332?
2, 3, 7, 83, 131
What are the prime factors of 153130?
2, 5, 15313
List the prime factors of 15201.
3, 563
List the prime factors of 62828.
2, 113, 139
What are the prime factors of 63404?
2, 11, 131
What are the prime factors of 92759?
23, 37, 109
List the prime factors of 2330866.
2, 23, 50671
What are the prime factors of 716546?
2, 358273
List the prime factors of 14907921.
3, 7, 709901
List the prime factors of 241691.
241691
What are the prime factors of 32016651?
3, 10672217
What are the prime factors of 28989?
3, 3221
What are the prime factors of 67211?
67211
What are the prime factors of 3438578?
2, 11, 13, 1093
What are the prime factors of 29320262?
2, 23, 199, 3203
What are the prime factors of 387259?
271, 1429
List the prime factors of 27741711.
3, 103, 89779
What are the prime factors of 976006?
2, 488003
List the prime factors of 2003840.
2, 5, 31, 101
What are the prime factors of 21847986?
2, 3, 19, 193, 331
List the prime factors of 9021240.
2, 3, 5, 8353
What are the prime factors of 171948?
2, 3, 7, 23, 89
List the prime factors of 1906429.
7, 272347
List the prime factors of 11546549.
7, 1649507
List the prime factors of 3133365.
3, 5, 208891
What are the prime factors of 313495?
5, 7, 13, 53
What are the prime factors of 5901572?
2, 757, 1949
What are the prime factors of 513380?
2, 5, 7, 19, 193
What are the prime factors of 654764?
2, 11, 23, 647
What are the prime factors of 13313577?
3, 1867, 2377
List the prime factors of 766883.
13, 58991
What are the prime factors of 277272?
2, 3, 3851
What are the prime factors of 405157?
405157
What are the prime factors of 8221655?
5, 13, 126487
List the prime factors of 2291319.
3, 29, 8779
List the prime factors of 405064.
2, 11, 4603
What are the prime factors of 6590982?
2, 3, 727, 1511
What are the prime factors of 1116332?
2, 7, 39869
List the prime factors of 338735.
5, 37, 1831
What are the prime factors of 707826?
2, 3, 7, 19, 887
List the prime factors of 2199646.
2, 1099823
List the prime factors of 282448.
2, 127, 139
List the prime factors of 691405.
5, 11, 13, 967
What are the prime factors of 2776369?
37, 75037
What are the prime factors of 577112?
2, 72139
List the prime factors of 3179602.
2, 479, 3319
What are the prime factors of 452686?
2, 13, 23, 757
List the prime factors of 1435027.
11, 130457
What are the prime factors of 293656?
2, 11, 47, 71
What are the prime factors of 1485631?
7, 30319
What are the prime factors of 39363193?
19, 313, 6619
List the prime factors of 6856132.
2, 83, 107, 193
What are the prime factors of 204737?
13, 15749
List the prime factors of 4312165.
5, 11, 13, 37, 163
What are the prime factors of 2753314?
2, 41, 33577
What are the prime factors of 1201033?
17, 31, 43, 53
List the prime factors of 1675310.
2, 5, 7, 13, 263
What are the prime factors of 12237658?
2, 877, 6977
What are the prime factors of 313942?
2, 156971
What are the prime factors of 14